u/(-10))/(4/8). Suppose -j*a + 477 = -0*a. Calculate the remainder when a is divided by 16.
15
Suppose -20*x = 6*x - 156. Suppose -5 = -n + x. Calculate the remainder when 64 is divided by n.
9
Let z be (-2)/(((-42)/(-56))/((-183)/(-8))). Calculate the remainder when 41 is divided by z/(-3) + (-10)/30.
1
Let k be 20/(-6)*((-1)/2 - 1). Let j be (k/((-50)/(-8)))/(2/5). What is the remainder when 59 is divided by (j + -3)/((-2)/62)?
28
Calculate the remainder when (-86 - -3)/(((-32)/2400)/((-1)/(-3))) is divided by 12.
11
Suppose -2317 - 1907 = -35*q + 3266. What is the remainder when 1298 is divided by q?
14
Suppose 6*i = 5*i + 16. Suppose 4*h + 8 = 6*h. Suppose -s - h*s = -45. Calculate the remainder when i is divided by s.
7
Let m = -4134 + 4157. What is the remainder when 42 is divided by m?
19
Let z(t) = 205*t**3 + 132*t - 131. What is the remainder when 2469 is divided by z(1)?
203
Let t(s) = -1095*s + 23. Calculate the remainder when t(-1) is divided by 56.
54
Let b = -519 + 520. Let o(r) = 12*r**3 - 3*r**2 + 2*r - 1. What is the remainder when o(b) is divided by 7?
3
Let l(o) = 3*o**2 + 5*o - 4. Let h be (-9)/6*(-8)/(-3). Suppose 25*z = 599 - 172 - 202. What is the remainder when l(h) is divided by z?
6
Let n = -1302 - -900. Let t = -257 - n. What is the remainder when t is divided by 37?
34
Suppose -4*i + i + 231 = 0. Let y = 588 - 322. Suppose -7*n + y = 126. Calculate the remainder when i is divided by n.
17
Calculate the remainder when (-97956)/(-1080) - (-6)/20 is divided by 37.
17
Let w be 1*(-3 - -1) - 5. Let t be 2/w*(-8 - -1)*1. Suppose -4*h = l - 4, -t*h - l = -3 + 1. What is the remainder when h is divided by 1?
0
Suppose t - 16*t + 1245 = 0. Let v = t + -2. What is the remainder when v is divided by 635/15 - (-1)/(-3)?
39
Let g(w) = -2*w**2 + 9*w - 2. Let a be g(5). Let o(y) = -3*y - 21. Let p be o(a). Calculate the remainder when p/9 + (-43)/(-1) is divided by 22.
21
Let a(k) = -k**3 - 8*k**2 - k - 3. Let n = -68 + 83. Calculate the remainder when a(-9) is divided by n.
12
Let p = -6029 - -6724. Calculate the remainder when p is divided by 26.
19
Suppose 0 = 3*r + x - 10, -3*x = -5*r + 13 + 13. Let i(q) = 15*q - 1. What is the remainder when i(r) is divided by 15?
14
What is the remainder when 543 is divided by (-608)/12*((-2)/13 - 481/169)?
87
Suppose p + 3*u + u = 17, -5*p + u = -85. Let v = p - 18. What is the remainder when v - ((-4)/(-22) - 4131/33) is divided by 32?
28
Let g(y) = y**3 - 27*y**2 + 95*y - 275. Calculate the remainder when g(28) is divided by 102.
7
Let v be 391 + -6 + -9 - (-1 + 2). Let z be ((-12)/15)/(4/(-30)). Suppose w + v = z*w. Calculate the remainder when w is divided by 20.
15
Let n(c) = -7*c + 394. Let i be n(56). Suppose 0 = -i*a + 7 + 41. What is the remainder when 215 is divided by a?
23
Let s(p) = p**3 - 5*p**2 + 3*p - 4. Suppose -3*f - 38*h + 34*h = -81, 5*h - 11 = f. Calculate the remainder when f is divided by s(5).
8
Let a be (-14)/4*(-160)/56. Let w be ((-35)/a)/((-1)/2). Suppose 4*x + 4 = -4*v, -2*x - 4*v = -v + w. What is the remainder when 6 is divided by x?
2
Let n(j) = -18*j**2 - j + 1. Let p be n(1). Let b(k) = k**2 + 16*k - 25. Suppose -2*g = -5*g + 255. What is the remainder when g is divided by b(p)?
8
Let c(x) = 9*x**2 + 2*x + 7. Let h be c(4). Let v = -142 + h. Calculate the remainder when 31 is divided by v.
14
What is the remainder when 141 is divided by 19 + -1 - 1 - (101 - 102)?
15
Let p = 10067 + -9367. Calculate the remainder when p is divided by 23.
10
Suppose n + 7*n - 2*b - 1842 = 0, 5*n = 2*b + 1152. Calculate the remainder when n is divided by 12.
2
Suppose -7*y - 440 = -11*y. Let b be (24/(-15))/((-4)/10). Suppose -120 = -4*l - 2*r, 5*l - b*l - 5*r - 19 = 0. What is the remainder when y is divided by l?
23
Let p = -74 + 104. Suppose 5*m + p = -3*i - 33, 3*m - 4*i = -32. Let b(o) = o**3 + 13*o**2 + 10*o - 13. What is the remainder when 21 is divided by b(m)?
10
Suppose 4*i - 196 + 56 = 0. Let h(n) = -n**3 - 5*n**2 - 26*n - 116. What is the remainder when i is divided by h(-5)?
7
Let n(l) = l**3 + 10*l**2 + 8*l - 12. Let b be n(-9). Let m be (-1 - 1)/(22/(-6) - b). Suppose -151 = -m*d - 22. What is the remainder when d is divided by 11?
10
Let l(n) = 2*n**3 + 25*n**2 + 14*n + 3. Let u be l(-12). Let o be (u/(-14))/(3/4) - -29. Let m = o - -29. What is the remainder when m is divided by 9?
6
Suppose -10*z + 643 + 469 = -568. Calculate the remainder when 335 is divided by z.
167
Let f = 100 + -98. Suppose -31*j - f*h = -32*j + 16, 0 = 3*j + 4*h - 58. What is the remainder when 59 is divided by j?
5
Suppose 0 = c - 5*i - 6 - 25, 0 = 4*i + 20. Let s = -2188 - -2180. What is the remainder when ((-18)/s)/(c/168) is divided by 16?
15
Let n = 1584 - 1438. Calculate the remainder when 409 is divided by n.
117
Suppose 3*p - 10675 = 5*f, -3*f - 4951 = -3*p + 5714. What is the remainder when p is divided by 25?
0
Let j = -72 + 74. Suppose -7*u + j*u = 3*l - 16, 0 = -4*l + u + 6. Suppose -l*b + 4*g = -56, -5*g = b + 11 - 4. What is the remainder when 52 is divided by b?
16
Let k = -70 - -110. Suppose k*j - 45*j = 0. Suppose -3 = d - j*d - 5*p, 3*d - 4*p = 46. Calculate the remainder when 84 is divided by d.
18
Let d = 32 - 35. Let p = d - -10. Suppose -p = -n + 7. Calculate the remainder when 51 is divided by n.
9
Calculate the remainder when ((-290)/435)/(1078/(-1074) + 1) is divided by 47.
38
Let u = 3548 - 3219. What is the remainder when u is divided by 74?
33
Suppose -l = -3*k + k - 10, -5*l - 4*k + 120 = 0. What is the remainder when 4599 is divided by l?
19
Suppose -6*o - 66 = -54. Let q(p) = 14*p**2 - 4*p - 12. What is the remainder when 96 is divided by q(o)?
44
Suppose -225 - 295 = -26*a. What is the remainder when 1452 is divided by a?
12
Let s(t) = 23*t**2 + 66*t - 286. What is the remainder when 1863 is divided by s(5)?
6
Suppose -326*c + 216944 = -222*c. Calculate the remainder when c is divided by 12.
10
Suppose -2*x = -7*x + 64 + 46. What is the remainder when ((-24)/9)/(-1)*39 is divided by x?
16
Let m(c) = -c + 1 - 1 - 11*c + 1. Suppose -9*r - 68 = -293. Calculate the remainder when r is divided by m(-1).
12
Let g = 79 - 39. Let d(o) = 2*o**2 - 34*o + 34. Let b be d(13). Let l = 47 - b. What is the remainder when l is divided by g?
37
Let v be (1206/(-12))/((-1)/2) - -4. Suppose v*o - 206*o + 39 = 0. Calculate the remainder when o is divided by 8.
7
Suppose -12754 - 5391 = -19*k. What is the remainder when k is divided by 471?
13
Let v(x) = -2*x - 74. Let u be v(-36). Suppose 2*b - 7 = -3*t + 4*t, -4*t + 12 = 0. Calculate the remainder when 2 - (38 + 0)/u is divided by b.
1
Suppose -71 = 12*f + 97. Let l = 3 - f. Calculate the remainder when 66 is divided by l.
15
Let k(p) = -18*p + 316. What is the remainder when 267 is divided by k(15)?
37
Let m(n) be the first derivative of n**2 + 27*n - 3. Let g(u) = 2*u + 6. Let c be g(-9). Calculate the remainder when 17 is divided by m(c).
2
Suppose -12*a = -7*a - 20. Let c be -2 + 180/3 + a. Suppose 0 = -3*j + c + 97. Calculate the remainder when j is divided by 14.
11
Let x = 12 + -7. Suppose 0 = -0*w + x*w - 30. What is the remainder when w is divided by ((-72)/126)/((-34)/238)?
2
Let g(i) = 2*i + 113. Let m(k) = -3*k**2 - 12*k + 11. Let a be m(-6). What is the remainder when g(a) is divided by 44?
19
Suppose 2*l - 6 = 3*t, -2*t = 5*l - 13 - 2. What is the remainder when 9 is divided by (-20)/(-12) - -4 - l/(-9)?
3
Let b(l) = 33*l + 1. Let t(m) = -67*m - 3. Let v(h) = -13*b(h) - 6*t(h). Calculate the remainder when v(-9) is divided by 23.
18
Calculate the remainder when 600 is divided by (1158/(-24) + 7)*-4.
105
Let p(v) = -v**2 + 2*v + 5. Let j be p(5). Let t(g) be the first derivative of -g**2/2 - 7*g + 563. Calculate the remainder when 8 is divided by t(j).
2
Let y = 8282 - 8237. Calculate the remainder when 2018 is divided by y.
38
Suppose -8*v + 7*v + 710 = 4*z, 0 = -4*z - 2*v + 712. Calculate the remainder when 1414 is divided by z.
175
Let x(o) = -o**2 + 9*o + 4. Let g(a) = -1 - 2*a**3 + 3*a**3 + 8*a**2 + 32*a - 51*a. Calculate the remainder when g(-8) is divided by x(6).
19
Let s(m) = -59*m**3 + m**2 + 2*m + 1. Let j be s(-1). Suppose 0 = 93*l - 91*l - 56. Let o = j - l. Calculate the remainder when o is d